 + 4 - 16. What is the units digit of g?
6
What is the units digit of (0 + 4)*1*18?
2
Suppose 0 = 2*w - 3*w + b + 17, -2*w + 5*b + 49 = 0. What is the tens digit of w?
1
Let l be (-2 - 0)/6*-24. Let r = l + -5. What is the units digit of r?
3
Let l = 5 - -30. Let x = 5 - l. What is the units digit of 3/12 + x/(-8)?
4
Suppose -4*z - 29 = -85. What is the units digit of z?
4
Let z = 46 - 108. Let d = z - -43. Let w = d - -31. What is the tens digit of w?
1
Suppose -11*c = -8*c - 411. What is the hundreds digit of c?
1
Suppose -24 = -4*z - 0*y - 3*y, -2*y - 4 = -4*z. Suppose 5*q - 60 = -5*h, -q = z*q - h - 53. What is the units digit of q?
3
Suppose 3*w + 10 + 8 = 0. Let n = w + 9. Suppose 0 = -n*r - 4*l + 56, 5*r - l - 50 = l. What is the tens digit of r?
1
Let h = 48 + -25. What is the tens digit of h?
2
Let n be (-164)/(-12) + (-4)/6. Suppose 0 = 4*z - 2*v - 22, -2*z + n = 4*v - 3. What is the units digit of z?
6
Let g(x) = -x**2 - 5*x + 3. What is the units digit of g(-5)?
3
Let c be (-6)/27 - (-2)/9. Let b be c + 0 - (-2 - -7). Let j = 7 + b. What is the units digit of j?
2
Suppose 2*c - 14 = 142. What is the units digit of c?
8
Suppose 2*b - 7 = m, 2*b - b - 26 = 5*m. What is the units digit of 17 + (3/(-3) - b)?
5
What is the tens digit of 65 + 6/(4 + -2)?
6
Suppose -5*p + 10 = 0, 0 = w + w - 4*p - 522. What is the units digit of w?
5
Let f be -4*1/(-6)*3. Suppose 6*h - 40 = 2*h. Suppose f*g - g = h. What is the units digit of g?
0
What is the tens digit of (-5 - (2 + -4)) + 78?
7
What is the units digit of 1624/18 - (-26)/(-117)?
0
Suppose -2*m = m - 9. Let k = 0 + m. What is the units digit of k?
3
Let q be 4*(17/(-4) + 0). Suppose 2*a - 8 = 0, -2*i - 3 = 5*a + 31. Let r = q - i. What is the tens digit of r?
1
Let o(x) = 39*x + 1. What is the units digit of o(2)?
9
Suppose -3*o - o + 376 = 2*w, 553 = 3*w - 5*o. What is the hundreds digit of w?
1
What is the tens digit of 4/((-12)/(-159)) + 0?
5
Suppose 4*m = -2*a - 3*a + 124, 2*m - 92 = 5*a. What is the tens digit of m?
3
Let d(u) = u**3 - u**2 - 3*u - 3. Let x be d(-3). Let v = x - -51. What is the tens digit of v?
2
Suppose 2*w - 222 = 5*p, 102 = w - 0*w + 2*p. Suppose 0 = b - 2*l - 34, -4*b + l = 3*l - w. What is the units digit of b?
8
Suppose 5*b - 62 = 18. Suppose 3*z = 5*j - b, 2*j = -z - 4*z + 25. What is the units digit of z?
3
Let v be (-40)/(-5)*(5 - -1). Suppose 2 = -2*d + v. What is the units digit of d?
3
Let d(h) = -h**3 + 2*h**2 - 3*h. Let n be d(2). Suppose 3*x - 8*x + 3*v = 11, 0 = -3*x - 5*v + 7. What is the units digit of (-5 - x)/(4/n)?
6
Let q(n) = -n**2 - 5*n + 8. Let v be q(-6). Suppose 35 = 3*m - 2*u, v*m - u - 40 = -m. What is the tens digit of m?
1
Suppose -5*z = 4*t - 242, -46 = -5*z - 2*t + 200. What is the units digit of z?
0
Let a(b) = 3*b**2 + 4*b + 1. What is the tens digit of a(-4)?
3
Let j(z) = -31*z - 1. What is the tens digit of j(-2)?
6
Suppose 0 = y + y - 10. Suppose -n = 3*m - 43, -2*m + 35 - 2 = y*n. What is the units digit of m?
4
Let k(y) = -26*y - 10. What is the hundreds digit of k(-5)?
1
Suppose 92 = 4*u - 0*u. Let d be (-1)/(3/9) + u. Suppose -2*o + d = 4*m - 6*o, 0 = -2*m - 4*o - 14. What is the units digit of m?
1
Suppose 0*v - 3*v = -2*z - 136, 1 = z. Suppose 51 = 3*j + 4*l, -j + 5*l - 10 + v = 0. What is the tens digit of j?
2
Suppose -5*s + 2*s + 9 = 0. Let j be 4/(6/9*s). Suppose 5*v + 4*c - 11 = 0, -j*v = -0*c - 3*c - 9. What is the units digit of v?
3
Let k be ((-6)/2)/(-1) - -1. Suppose 2*z - 20 = -2*a - 2*a, 3*a + 62 = k*z. What is the tens digit of z?
1
Let h(v) be the first derivative of v**4/4 - 2*v**3/3 - 4*v + 3. What is the units digit of h(4)?
8
Let q = 77 + -49. What is the tens digit of q?
2
Let g be (-386)/(-8) + (-2)/8. Suppose 5*i = i + g. What is the tens digit of i?
1
Let g(x) = -x**2 + 5*x + 1. What is the units digit of g(4)?
5
Suppose -5*t = -3*t - 82. What is the tens digit of t?
4
What is the tens digit of (-4)/18 + 548/36?
1
Suppose t - 3 + 0 = 0. Suppose -5*i + 12 = -t*i. Suppose 30 = 3*a + i. What is the units digit of a?
8
Let q(j) = 2*j**3 + 0 - 3 + 3*j**2 - 6*j**2 - 3*j. Let m be q(3). Suppose -2*k - 2*k + 12 = 4*a, k = -3*a + m. What is the units digit of a?
6
What is the tens digit of (-1276)/(-33) - (-4)/(-6)?
3
Let c be 7 + 1/1 - 1. Suppose r - c = -f, 0*f + r + 9 = f. What is the units digit of f?
8
Let t(d) = d**3 - 5*d**2 + 2*d - 1. Let p be t(3). Let u = -8 - p. Suppose 17 - 54 = -u*b + 4*a, b - a = 7. What is the units digit of b?
9
Let c be 100/12 + (-6)/(-9). Let w be (-2)/9 - (-74)/c. Suppose 0*n = n - w. What is the units digit of n?
8
Let t(s) = -s - 4. Let x be t(-6). What is the tens digit of (4/12)/(x/84)?
1
Let n be 0/((2 + -3)*1). Suppose n - 31 = -q. What is the tens digit of q?
3
Suppose 7*l = 3*l + 544. What is the tens digit of l?
3
What is the hundreds digit of -1 - (-14)/(1 + (-23)/24)?
3
Let i = -8 + 7. Let d(v) = 18*v**2 + v. What is the units digit of d(i)?
7
Suppose -4*l = -5*l + 3. Suppose -l*c + 7 = c + 5*s, -3*c + 2*s = -34. Suppose 3*y - c = -y. What is the units digit of y?
2
Let q be 16 - 4/(-12)*-3. Let r = q - -23. What is the units digit of r?
8
Let g be 1/((2 - 4)/(-18)). Let f(d) = d**3 - 8*d**2 - 7*d - 6. What is the tens digit of f(g)?
1
Suppose 0 = -4*d + 3*d. Suppose 2*z + 2*p = -2*z + 140, z + p - 34 = d. Suppose 5*j = 2*w + 78, 0 = -2*j + 3*w - w + z. What is the units digit of j?
4
Let o be (-1 + 3 + -3)*5. Let d(j) be the third derivative of -j**4/24 - 2*j**3/3 - j**2. What is the units digit of d(o)?
1
Let i = -23 - -65. What is the tens digit of i?
4
Let y be 10 + 4/(-2) + -3. Suppose 3*x = 7 + y. Suppose -x*j + 33 = -31. What is the units digit of j?
6
Let k = 4 - 0. Suppose 2*s = 4 + k. Suppose 0 = -i - s*u + 5, 0*i - 3*i + u + 28 = 0. What is the units digit of i?
9
Let a be 80/36 - (-4)/(-18). Suppose -9 - 12 = -a*w + l, 3*l + 9 = 0. What is the units digit of w?
9
Let w = -103 - -163. What is the tens digit of w?
6
Let l(g) = -g**3 + g**2 - 2*g + 18. What is the units digit of l(0)?
8
Suppose 2*y + 2*l = 28, 5*y - 5*l = -3*l + 70. Let b = y + 26. What is the units digit of b?
0
Let w = 12 + -11. What is the tens digit of (-6)/(-8)*(27 + w)?
2
Let s = -4 + 5. Let c be (s/1)/((-1)/(-2)). Suppose 0*z - 5*z = -25, 0 = x + c*z - 23. What is the tens digit of x?
1
Let m(y) = -y + 4. Let a be m(-3). Let o = a - 3. Suppose h - o*h + 30 = 0. What is the tens digit of h?
1
Suppose 2*f + 2*f = 4. Let w be -19*(1 + (f - 1)). Let p = w + 27. What is the units digit of p?
8
Let s(j) = j**3 + 6*j**2 + 5*j. Let z be s(-4). Let d be (4/z)/(2/24). Let v = 10 - d. What is the units digit of v?
6
Suppose -1174 = 4*a - l, -2*l - 1 = 3. What is the units digit of (-2)/8 - a/24?
2
Suppose 3*n + 5 = 2*n. Let v = n - -5. Let k = 6 + v. What is the units digit of k?
6
Let h(i) = -i**2 - 3*i - 4. Let n be h(-6). Let a = -5 - n. What is the tens digit of a?
1
Let x(q) = -q**2 + 6*q - 1. Let i be x(5). Suppose -2*a + 38 = 5*h - h, -3*h + 11 = 5*a. Let b = h - i. What is the units digit of b?
8
Let r = -14 - -17. Suppose 0 = 3*i - 2*w - 77, -3*i - r*w + 33 = -39. What is the tens digit of i?
2
Let h(x) be the third derivative of x**5/60 + x**4/24 + 2*x**3/3 - 4*x**2. Suppose 0 = 3*j + 11 - 2. What is the tens digit of h(j)?
1
Let w(a) = -a - 33. Let x be w(0). Let z = -13 - x. What is the tens digit of z?
2
Let v = -4 + 5. Let i be -2 + (5 - (0 - v)). Suppose 12 = 6*m - i*m. What is the units digit of m?
6
Let p(o) = -2*o - 3. Let v = 12 - 6. Let h = v - 10. What is the units digit of p(h)?
5
Suppose 0 = -3*n + 9 - 6. What is the units digit of n - (-6)/2 - -3?
7
Let g = 17 + -3. What is the tens digit of g?
1
Suppose -4*z + 602 = 170. What is the hundreds digit of z?
1
Suppose 2*l + 2*l - 40 = 0. Let k(o) = -o - 2. Let d be k(0). What is the units digit of (3/d)/((-5)/l)?
3
Let b be (-4)/16 + 22/(-8). What is the units digit of 25/(b - (-16)/4)?
5
Let x(z) = 34*z + 4. What is the units digit of x(3)?
6
Suppose 4*q - 332 = 5*g, q + 5*g + 244 = 4*q. Suppose 3*d + 19 = q. What is the tens digit of d?
2
Let s be 40 + 0 + (-6)/(-3). What is the tens digit of 24/s + 244/14?
1
Suppose 10*d + 178 = 978. What is the units digit of d?
0
Let n(x) = -x**3 + 6*x**2 - 3*x - 4. Let d be 1 - 